ands digit of 35689896?
9
What is the hundred millions digit of 204827547?
2
What is the units digit of 140910628?
8
What is the millions digit of 50788625?
0
What is the hundred millions digit of 2225856959?
2
What is the millions digit of 235304033?
5
What is the hundred thousands digit of 387118132?
1
What is the ten millions digit of 2457328433?
5
What is the hundred thousands digit of 687330023?
3
What is the ten millions digit of 271637418?
7
What is the hundreds digit of 4455269?
2
What is the ten millions digit of 724351048?
2
What is the tens digit of 128508890?
9
What is the thousands digit of 11474598?
4
What is the hundred thousands digit of 36686042?
6
What is the units digit of 330539399?
9
What is the millions digit of 656879146?
6
What is the hundreds digit of 385262954?
9
What is the millions digit of 647797068?
7
What is the hundred thousands digit of 367498629?
4
What is the hundred thousands digit of 53585022?
5
What is the hundred thousands digit of 180556852?
5
What is the tens digit of 729417000?
0
What is the hundreds digit of 872952986?
9
What is the thousands digit of 228293143?
3
What is the millions digit of 517292826?
7
What is the tens digit of 86404627?
2
What is the millions digit of 8453840531?
3
What is the millions digit of 51581399?
1
What is the ten thousands digit of 166646455?
4
What is the units digit of 1825952854?
4
What is the ten millions digit of 292491427?
9
What is the millions digit of 11408188?
1
What is the billions digit of 5428313287?
5
What is the hundred thousands digit of 43851471?
8
What is the tens digit of 1802296203?
0
What is the hundred thousands digit of 16245594?
2
What is the thousands digit of 88971640?
1
What is the hundreds digit of 1324687425?
4
What is the ten millions digit of 4037483968?
3
What is the thousands digit of 409294243?
4
What is the thousands digit of 1276646228?
6
What is the ten thousands digit of 37600641?
0
What is the units digit of 24571894?
4
What is the millions digit of 1188831305?
8
What is the hundreds digit of 2033015884?
8
What is the hundred millions digit of 1068554273?
0
What is the hundred thousands digit of 217838907?
8
What is the thousands digit of 22774875?
4
What is the units digit of 6013333985?
5
What is the units digit of 602516?
6
What is the units digit of 537807466?
6
What is the tens digit of 720136914?
1
What is the hundreds digit of 1803974283?
2
What is the hundred thousands digit of 7457958?
4
What is the units digit of 158451208?
8
What is the hundreds digit of 80828959?
9
What is the thousands digit of 335280118?
0
What is the hundred thousands digit of 54649343?
6
What is the tens digit of 317405358?
5
What is the ten thousands digit of 8817619961?
1
What is the hundreds digit of 562826557?
5
What is the hundred thousands digit of 573870041?
8
What is the tens digit of 23863061?
6
What is the hundred thousands digit of 71972584?
9
What is the millions digit of 71151427?
1
What is the hundreds digit of 4966882?
8
What is the millions digit of 532586398?
2
What is the tens digit of 13951371?
7
What is the units digit of 56454822?
2
What is the ten millions digit of 239681127?
3
What is the hundreds digit of 2995323341?
3
What is the ten thousands digit of 114734834?
3
What is the units digit of 26059702?
2
What is the billions digit of 1661244476?
1
What is the tens digit of 10482405?
0
What is the ten millions digit of 850779276?
5
What is the units digit of 127351555?
5
What is the millions digit of 33484457?
3
What is the millions digit of 6550101869?
0
What is the hundreds digit of 3815537533?
5
What is the ten millions digit of 44332750?
4
What is the thousands digit of 628437759?
7
What is the thousands digit of 55434957?
4
What is the ten millions digit of 679768204?
7
What is the ten millions digit of 1252500108?
5
What is the tens digit of 240444666?
6
What is the tens digit of 6729688?
8
What is the hundred thousands digit of 1234812232?
8
What is the thousands digit of 32900638?
0
What is the ten millions digit of 53088577?
5
What is the ten thousands digit of 223758617?
5
What is the units digit of 636176112?
2
What is the ten thousands digit of 43237517?
3
What is the tens digit of 69944537?
3
What is the thousands digit of 67415207?
5
What is the millions digit of 2185795651?
5
What is the tens digit of 567545766?
6
What is the hundreds digit of 6528992991?
9
What is the millions digit of 15875479?
5
What is the units digit of 90741800?
0
What is the hundreds digit of 8336604?
6
What is the millions digit of 976394289?
6
What is the hundreds digit of 54208969?
9
What is the thousands digit of 45227730?
7
What is the ten thousands digit of 7612809928?
0
What is the tens digit of 3465400212?
1
What is the units digit of 80143181?
1
What is the ten millions digit of 53219291?
5
What is the hundreds digit of 2672710193?
1
What is the thousands digit of 4596932796?
2
What is the tens digit of 192912503?
0
What is the units digit of 144090472?
2
What is the units digit of 434341043?
3
What is the ten thousands digit of 1023622312?
2
What is the millions digit of 6929578085?
9
What is the hundreds digit of 161945217?
2
What is the thousands digit of 31422693?
2
What is the thousands digit of 1035954137?
4
What is the tens digit of 71428303?
0
What is the units digit of 730587763?
3
What is the units digit of 600115991?
1
What is the tens digit of 120231763?
6
What is the thousands digit of 214964725?
4
What is the units digit of 1019434008?
8
What is the ten millions digit of 31008369?
3
What is the tens digit of 5276577950?
5
What is the billions digit of 1634169518?
1
What is the hundred thousands digit of 192787882?
7
What is the tens digit of 47918112?
1
What is the tens digit of 444726436?
3
What is the millions digit of 86975257?
6
What is the thousands digit of 715708687?
8
What is the units digit of 25671472?
2
What is the thousands digit of 91172580?
2
What is the ten thousands digit of 241445801?
4
What is the millions digit of 271957639?
1
What is the ten thousands digit of 197694431?
9
What is the ten thousands digit of 306165680?
6
What is the hundred millions digit of 8305752902?
3
What is the hundred thousands digit of 951623956?
6
What is the tens digit of 1182142692?
9
What is the millions digit of 25558405?
5
What is the hundred thousands digit of 59575303?
5
What is the hundred thousands digit of 5027623328?
6
What is the hundred millions digit of 1400017325?
4
What is the hundreds digit of 7603403820?
8
What is the ten thousands digit of 232269479?
6
What is the ten millions digit of 58911657?
5
What is the tens digit of 542194635?
3
What is the tens digit of 4144847667?
6
What is the millions digit of 1181558?
1
What is the hundred millions digit of 120315594?
1
What is the hundred thousands digit of 130779537?
7
What is the ten millions digit of 14738922?
1
What is the ten millions digit of 532672125?
3
What is the ten millions digit of 26247777?
2
What is the ten millions digit of 425993996?
2
What is the hundred thousands digit of 38406487?
4
What is the hundreds digit of 6447415853?
8
What is the ten millions digit of 91995954?
9
What is the thousands digit of 494102101?
2
What is the hundreds digit of 44541149?
1
What is the ten millions digit of 70122411?
7
What is the hundred thousands digit of 43570166?
5
What is the thousands digit of 289459981?
9
What is the thousands digit of 158988754?
8
What is the ten thousands digit of 75950223?
5
What is the hundred thousands digit of 205777077?
7
What is the millions digit of 14807716?
4
What is the units digit of 21805427?
7
What is the hundreds digit of 74635464?
4
What is the millions digit of 60229205?
0
What is the thousands digit of 4887224035?
4
What is the thousands digit of 112786849?
6
What is the hundred thousands digit of 257475040?
4
What is the millions digit of 297873605?
7
What is the hundred thousands digit of 225744361?
7
What is the hundred millions digit of 2964977150?
9
What is the hundreds digit of 181837209?
2
What is the billions digit of 2863799531?
2
What is the units digit of 6776454970?
0
What is the thousands digit of 54579309?
9
What is the tens digit of 234619998?
9
What is the hundred millions digit of 427921953?
4